6 + 4?
-5
(4 - (4 - 4) - 6) + -3
-5
Evaluate (3 - ((5 - -2) + -5)) + 6.
7
What is 2 + 12 + -54 + 47?
7
-7 - (-6 - (-8 - (-2 + -4)))
-3
13 + -4 - 7 - -2
4
Evaluate -3 + (-2 - 1 - -1 - 2).
-7
Calculate 1 - -12 - (222 - 212).
3
What is the value of (1 - 0) + (2 - 5)?
-2
(1 - (4 + -2)) + 0 + 1
0
5 - (7 + (-3 - -4))
-3
7 - (8 + 7 - 7)
-1
Calculate (109 - 101) + (-7 - (0 + -1)).
2
Evaluate -2 + -1 + -3 + 8.
2
What is the value of 1 - (-3 + (3 - 2))?
3
Calculate 15 - (0 + 8 + 3).
4
(19 - 28) + (13 - -2)
6
What is the value of 3 - (-3 + -1) - (-80 + 85)?
2
Evaluate (-236 - -233) + -3 + -1.
-7
Evaluate 0 - (2 - 1) - (-16 + 13).
2
Calculate (-7 - (4 - 17)) + 0.
6
What is the value of -2 + -1 + 2 + -4?
-5
What is the value of -10 - 1 - -17 - 2?
4
5 + -5 + 3 + -11 + 5
-3
(4 - 1) + -14 + 17 - 1
5
What is the value of (-41 - -54) + -12 + 0?
1
What is -5 + (4 - (1 + -5 + -6))?
9
What is -2 + -4 + (-3 + 5 - -5)?
1
2 + -10 + (4 - -1)
-3
Evaluate -1 - (8 + -4 + -8).
3
What is the value of 2 + -7 - (-6 + -14 + 12)?
3
What is -6 + -1 - (7 - 4 - 5)?
-5
Calculate 7 + -10 + -2 + 4.
-1
-5 + 2 + 10 + (3 - 7)
3
Calculate 4 - 8 - -2 - (10 + -3).
-9
Calculate -1 + -4 - -2 - -5.
2
0 - (-9 - -5) - (1 + 8)
-5
Calculate 5 + 2 - ((-9 - -21) + -7).
2
3 + 1 + 0 + -5 - -3
2
Evaluate (4 + -1 - (6 - 2)) + -3.
-4
Evaluate -4 + (-1 - (3 + -6)) + 0.
-2
What is -1 + 0 - (-23 + 18)?
4
Evaluate (4 - (-4 + 0)) + -12 + 0.
-4
Evaluate 5 + (-8 - -4 - -1).
2
What is the value of (12 - 6) + -13 + 6?
-1
What is the value of 3 + 4 + -6 + 3 + 2?
6
Evaluate -9 + (2 - -4 - 0).
-3
Calculate -1 - (-2 + (-2 - (-7 + 3))).
-1
What is 5 + (7 - 11) + 6?
7
(-1 - (2 + -4)) + (3 - -1)
5
Calculate -3 - (0 + (-4 - (5 + -2))).
4
-1 + ((5 - 0) + -5 - 0)
-1
Calculate 5 + 0 + -8 + 7 + -2.
2
Calculate 7 + (-7 - -4) + (-3 - -1).
2
What is -12 + -3 - (-7 - 2)?
-6
Evaluate 1 + (-6 - (1 + -2)).
-4
What is the value of -7 + 1 - (2 - 7)?
-1
What is the value of -4 + 1 + -1 + (-5 - -9)?
0
What is the value of -20 - -18 - (-8 - 1)?
7
What is (4 - 7) + 5 + -2 + -3?
-3
What is 4 + 1 + -6 - -6?
5
What is the value of -1 - (-2 - -6 - 6)?
1
What is 34 + -24 - (11 - 2)?
1
What is the value of 1 + 0 + 1 - (-4 - -5)?
1
Calculate (-6 - 1) + (9 + -3 - 2).
-3
0 - 6 - (-6 + 6)
-6
Evaluate 7 - (7 + (0 - -2)).
-2
Calculate -17 - -19 - (-1 + -1).
4
Calculate (-1 - (4 - -3 - 3)) + 11.
6
What is (-3 - (0 - 6)) + 1 + -1?
3
-10 + 2 + -3 + 5
-6
What is 7 + (-3 + -1 - -4 - 4)?
3
(-3 - -5) + 2 + -8 + -1
-5
(-1 - -3) + 1 + 2 + -3
2
What is the value of 4 + 0 + 8 + (-9 - 5)?
-2
Evaluate -1 + (-7 - -6 - 0) + 9.
7
What is the value of 8 + -3 + 0 + 0?
5
Evaluate 11 - (2 + -4 + 9).
4
Calculate 1 - (0 + (7 - 3)).
-3
Evaluate 11 - 25 - (-7 + -4).
-3
What is (-1 - -2) + (49 - 43)?
7
What is 7 + -1 + 13 + -19?
0
What is -2 - -7 - (-1 - (-2 + 1))?
5
Calculate (-17 - -2 - -5) + (17 - 17).
-10
Evaluate -5 + 0 + 3 + 3.
1
3 + (-4 - 4) + 7
2
Calculate 15 + -11 - (-1 - -5) - -1.
1
2 + -2 + (1 - 0) + 2
3
Calculate (3 + -9 - 4) + (4 - 4).
-10
(0 - 5) + 1 - 0
-4
Evaluate -6 + (0 - 4) + 9.
-1
What is (-22 - -22) + (-7 - 1)?
-8
Evaluate (2 - (5 + -5)) + (-4 - -5).
3
0 - 1 - -2 - (-7 + 3)
5
What is the value of -7 + 17 + (-6 + 0 - 1)?
3
Calculate (-6 + 7 - -2) + 1.
4
-2 - -4 - (3 - 0)
-1
5 + -1 - -4 - 6
2
0 + -3 - (3 + 3 + -10)
1
-1 + 6 + (5 - 7) - 8
-5
Calculate 9 + -1 + (-19 - (-2 - 20)).
11
What is -5 - (-4 + 1) - (16 + -10)?
-8
What is 2 + (3 + -1 - 2)?
2
What is the value of (0 - -4) + (-1 - -1)?
4
What is the value of 4 - (-9 + 12 + -4)?
5
What is 2 + 1 + (2 - (4 + -2))?
3
What is the value of (0 - 6) + 3 - 0?
-3
What is the value of (-3 - (-4 + 1)) + 4?
4
What is 8 + (-11 - -23) + -17?
3
1 - -1 - 3 - (4 + 0)
-5
What is the value of -32 + 40 - (7 - 1)?
2
Calculate 4 + (-3 + 4 - 2) + -2.
1
(-4 - -2 - 1) + 10 + -8
-1
What is the value of 0 + (-3 - -7) - (4 + 1)?
-1
What is 3 - (2 - (-4 + 4))?
1
What is -10 + 3 + 13 + -3?
3
Evaluate (2 - (7 - 2)) + 112 + -110.
-1
2 + (-3 - (6 + -4))
-3
Evaluate -5 + 0 + 4 + -4.
-5
What is the value of -2 - (58 - 53 - (1 - 0))?
-6
What is the value of -7 + (0 - (-1 - (3 - 1)))?
-4
What is -4 + (7 - 2 - -2)?
3
-1 + 2 + 1 - (1 - 3)
4
Calculate 0 + 2 - (-4 + 7 + -1).
0
-5 + (-2 - 1) + 6 + -1
-3
Calculate -14 + (-9 - (-22 + 1)).
-2
Evaluate (3 - (-2 + (1 - -2))) + 1.
3
Evaluate -3 - (-9 + 10 - (5 + -2)).
-1
-5 - (-2 - (13 - -1))
11
What is 10 - 13 - (-5 + 1)?
1
Evaluate -15 - (8 - (25 - 10)).
-8
Calculate 13 - 28 - -12 - -10.
7
What is 0 - 0 - (-24 + 17)?
7
What is the value of 3 + -2 + -6 - -6?
1
Evaluate -7 + 3 + 3 - -5.
4
What is the value of (3 - 7) + 4 - 1?
-1
What is the value of -2 - (-2 + (-1 - (-1 + 0)))?
0
-2 + 3 - 3 - 1 - -2
-1
7 - (-1 - (-5 - (0 - 1)))
4
Evaluate 10 + -10 + 0 + 4 - 6.
-2
What is -4 + -1 + (6 - 6)?
-5
What is the value of 3 + (-7 - (-4 - -2))?
-2
Evaluate -5 - (5 - 3 - 5).
-2
What is 4 + (1 - (5 - 3))?
3
Evaluate 1 - (1 - 1) - 3.
-2
6 + 4 + -20 - -6
-4
(-2 - 2) + -6 - -2 - -2
-6
What is the value of -5 - (2 - (4 + (-1 - -8)))?
4
What is the value of (8 - 4) + (0 - 3)?
1
Calculate -4 + -4 + 8 + (-2 - 2).
-4
What is the value of (-6 - (-1 - 2) - -4) + 3?
4
15 - 2 - (-15 - -25)
3
Calculate 1 + -1 - (-9 - (-3 - 11)).
-5
What is 1 + -8 + (1 - -3) - -7?
4
2 + 1 + 24 + -23
4
Calculate (2 - -2) + -8 - (19 + -15).
-8
What is the value of 2 - (5 - 2) - (-19 - -19)?
-1
What is 4 - (0 + 5 + -2 + -4)?
5
Evaluate -3 - (5 + -10) - -3 - 0.
5
Calculate 4 + -4 - (0 + (0 - 0)).
0
What is 3 + 0 + (2 - 6)?
-1
Calculate -2 - ((-4 - -1) + 5 + -5).
1
What is 3 - (-5 + -9 - -8)?
9
(1 - -2) + -2 - -5
6
Evaluate -5 + 1 + -3 + 3.
-4
What is (-3 + 20 - 10) + -1 + -2?
4
What is (-1 - 0) + (2 - 0) + 3?
4
(0 + -1 - 2 - -3) + 1
1
What is the value of -7 + -3 + 1 + -3 + 5?
-7
What is 0 + (-4 - (4 + 0 + -4))?
-4
What is the value of 2 - (9 + 2 + -6 + -4)?
1
Evaluate 0 + (-4 - 7 - -6 - -3).
-2
(0 - 13 - 0) + (-205 - -213)
-5
What is 0 + (-2 - 0 - 1)?
-3
What is (2 + -3 + 1 - 4) + 9?
5
What is the value of (-1 - (0 - 0) - -1) + -3?
-3
What is the value of 6 + -2 - (-3 - -7)?
0
What is (-161 - -159) + (-1 + 2 - 4)?
-5
Calculate 5 - 2 - -4 - 7.
0
Calculate 1 + 3 - (-1 + 4).
1
Calculate -3 - (1 + -1 + -3).
0
(-4 - 0) + (-1 - (1 - 2))
-4
Calculate 1 + -9 + 5 + 1 + -2.
-4
What is the value of -1 + 9 - (31 - 27)?
4
Evaluate -2 - (1 + -1 - (-16 - -13)).
-5
Evaluate 12 + -8 + (-5 - -2).
1
What is -2 - ((1 - 11) + (1 - -2))?
5
What is (-1 - 0) + 53 + -47?
5
What is (14 - 10) + -13 + 6 + 1?
-2
Calculate -2 - (1 + -5 + -2).
4
Calculate -8 + (5 - 0) - -6.
3
Calculate 8 + 0 - (2 - -3).
3
2 + 1 + (5 - 0 - 7)
1
7 - (3 + -5 + 16 + -9)
2
Evaluate (4 - 2) + (-1 - 0).
1
What is -16 + 12 - (-4 - -2)?
-2
What is -13 + 9 - (0 - 14) - 5?
5
What is the value of -7 + -3 + 12 + 6?
8
What is -2 + 8 - (1 + -2 - -1)?
6
What is 3 - (10 + 0 - 3 - 4)?
0
Evaluate (0 + -6 - -1) + -2.
-7
Evaluate -4 - 1 - (18 - 19).
-4
Calculate 7 - 1 - (6 - -1 - 7).
6
What is the value of -2 + 1 + 5 + -5?
-1
What is 15 - 9 - (5 - (0 + 1))?
2
(1 - 6) + (-17 - (-12 - 13))
3
What is 15 + -2 - (72 - 68)?
9
Calculate (0 - (2 - 4)) + (19 - 14).
7
-20 - -14 - (-6 - 3)
3
-1 + -4 + 35 + -33
-3
Calculate (-2 - (2 + 2)) + 5.
-1
Calculate 0 - (1 + 6 + -4) - -8.
5
0 + -3 + 3 - 4
-4
What is -4 + 9 - ((1 - 3) + 3)?
4
-3 + -4 + 5 + -3
-5
What is -3 + 3 - 5 - 0?
-5
Calculate -3 + (-2 - (0 - 0)).
-5
4 + (5 - (9 - (0 - -3)))
3
Calculate -1 - 4 - (5 - (15 + 2)).
7
What is the value of (-198 - -203) + (1 - (0 + 3))?
3
What is the value of 1 - (4 - -1 - (-26 + 29))?
-1
Calculate (-3 - -11) + (-22 - -16).
2
What is (1 - (2 + -1)) + -16 + 21?
5
What is the value of -12 + (-4 - -14 - 1)?
-3
Calculate 2 + -3 + 2 + (2 - 3).
0
2 - (-6 + 3 + -1)
6
Evaluate 0 + (0 - (-5 + -4)).
9
(-1 - -3) + 36 + -41
-3
Evaluate -8 + 5 + 5 + -4.
-2
-1 - 0 - (18 + -20)
1
What is 12 - 5 - (-1 + 0 + 5)?
3
Evaluate 5 + -5 + 2 + 1.
3
Calculate (7 - 13) + 13 + -2.
5
What is the value of 5 - 9 - (-2 - 2)?
0
Evaluate 1 + -2 + 0 - (73 - 72).
-2
What is -2 + -2 + -3 + 10?
3
Evaluate (3 + -11 - (4 + -8)) + 1.
-3
8 + (-9 - -2) + (-2 - -2)
1
What is the value of (0 - -2) + 92 + -99?
-5
-18 + 34 + -6 + -1 + -5
4
Calculate -3 + 13 - (-11 + 21).
0
-8 + 1 + 3 + 1 + 13
10
What is (-8 - (-3 + 3) - -8) + 9?
9
Evaluate (3 - 0) + (-1 - (-4 + 1)).
5
What is